{"id":5,"date":"2019-12-30T10:42:13","date_gmt":"2019-12-30T12:42:13","guid":{"rendered":"http:\/\/museudeartemurilomendes.com.br\/r\/tainacan\/?page_id=5"},"modified":"2023-06-15T11:40:02","modified_gmt":"2023-06-15T14:40:02","slug":"home","status":"publish","type":"page","link":"https:\/\/www.museudeartemurilomendes.com.br\/biblioteca\/","title":{"rendered":"Setor de Biblioteca e Informa\u00e7\u00e3o"},"content":{"rendered":"\n<p>O Setor de Biblioteca e Informa\u00e7\u00e3o do Museu de Arte Murilo Mendes abriga os documentos do arquivo pessoal e da biblioteca particular do poeta Murilo Mendes, assim como algumas cole\u00e7\u00f5es especiais, que integram o projeto de preserva\u00e7\u00e3o da mem\u00f3ria liter\u00e1ria e cultural da cidade de Juiz de Fora: cole\u00e7\u00e3o do professor e artista pl\u00e1stico Jo\u00e3o Guimar\u00e3es Vieira, cole\u00e7\u00e3o do professor e engenheiro Arthur Arcuri, cole\u00e7\u00e3o dos escritores Gilberto e Cosette de Alencar, cole\u00e7\u00e3o da escritora Cleonice Rainho e cole\u00e7\u00e3o da professora e escritora Maria de Lourdes Abreu de Oliveira.<\/p>\n\n\n\n<p>Com o intuito de divulgar o acervo, por meio de exposi\u00e7\u00f5es virtuais, o Setor de Biblioteca e Informa\u00e7\u00e3o utilizou-se da plataforma Tainacan, um plugin&nbsp;administrativo do WordPress,  tendo em vista a necessidade de repensar o futuro das atividades oferecidas ao p\u00fablico, num momento em que o virtual tornou-se essencial.<\/p>\n\n\n\n<p>Mantenha-se conectado com a cultura, a arte e a literatura!<\/p>\n\n\n\n<p>Visite nossas exposi\u00e7\u00f5es: <a rel=\"noreferrer noopener\" href=\"https:\/\/museudeartemurilomendes.com.br\/biblioteca\/multiplo-universo\/?view_mode=document&amp;perpage=12&amp;paged=1&amp;order=ASC&amp;orderby=title&amp;fetch_only_meta=16064%2C49278%2C49285%2C49282%2C49293&amp;fetch_only=thumbnail%2Ccreation_date\" target=\"_blank\">M\u00faltiplo Universo<\/a>, <a rel=\"noreferrer noopener\" href=\"https:\/\/www.museudeartemurilomendes.com.br\/biblioteca\/exposicao-tempo-e-eternidade\/?view_mode=cards&amp;perpage=12&amp;paged=1&amp;order=ASC&amp;metakey=59897&amp;orderby=meta_value_num&amp;fetch_only=thumbnail%2Ccreation_date%2Ctitle%2Cdescription&amp;fetch_only_meta=\" target=\"_blank\">Tempo e Eternidade<\/a> e <a rel=\"noreferrer noopener\" href=\"https:\/\/www.museudeartemurilomendes.com.br\/biblioteca\/do-coracao-a-caneta\/\" data-type=\"tainacan-collection\" data-id=\"60137\" target=\"_blank\">Do cora\u00e7\u00e3o \u00e0 caneta<\/a>!<\/p>\n","protected":false},"excerpt":{"rendered":"<p>O Setor de Biblioteca e Informa\u00e7\u00e3o do Museu de Arte Murilo Mendes abriga os documentos do arquivo pessoal e da biblioteca particular do poeta Murilo Mendes, assim como algumas cole\u00e7\u00f5es especiais, que integram o projeto de preserva\u00e7\u00e3o da mem\u00f3ria liter\u00e1ria e cultural da cidade de Juiz de Fora: cole\u00e7\u00e3o do professor e artista pl\u00e1stico Jo\u00e3o [&hellip;]<\/p>\n","protected":false},"author":1,"featured_media":0,"parent":0,"menu_order":0,"comment_status":"closed","ping_status":"closed","template":"","meta":{"footnotes":""},"class_list":["post-5","page","type-page","status-publish","hentry"],"_links":{"self":[{"href":"https:\/\/www.museudeartemurilomendes.com.br\/biblioteca\/wp-json\/wp\/v2\/pages\/5"}],"collection":[{"href":"https:\/\/www.museudeartemurilomendes.com.br\/biblioteca\/wp-json\/wp\/v2\/pages"}],"about":[{"href":"https:\/\/www.museudeartemurilomendes.com.br\/biblioteca\/wp-json\/wp\/v2\/types\/page"}],"author":[{"embeddable":true,"href":"https:\/\/www.museudeartemurilomendes.com.br\/biblioteca\/wp-json\/wp\/v2\/users\/1"}],"replies":[{"embeddable":true,"href":"https:\/\/www.museudeartemurilomendes.com.br\/biblioteca\/wp-json\/wp\/v2\/comments?post=5"}],"version-history":[{"count":22,"href":"https:\/\/www.museudeartemurilomendes.com.br\/biblioteca\/wp-json\/wp\/v2\/pages\/5\/revisions"}],"predecessor-version":[{"id":60539,"href":"https:\/\/www.museudeartemurilomendes.com.br\/biblioteca\/wp-json\/wp\/v2\/pages\/5\/revisions\/60539"}],"wp:attachment":[{"href":"https:\/\/www.museudeartemurilomendes.com.br\/biblioteca\/wp-json\/wp\/v2\/media?parent=5"}],"curies":[{"name":"wp","href":"https:\/\/api.w.org\/{rel}","templated":true}]}}

Setor de Biblioteca e Informação

<p>O Setor de Biblioteca e Informação do Museu de Arte Murilo Mendes abriga os documentos do arquivo pessoal e da biblioteca particular do poeta Murilo Mendes, assim como algumas coleções especiais, que integram o projeto de preservação da memória literária e cultural da cidade de Juiz de Fora: coleção do professor e artista plástico João Guimarães Vieira, coleção do professor e engenheiro Arthur Arcuri, coleção dos escritores Gilberto e Cosette de Alencar, coleção da escritora Cleonice Rainho e coleção da professora e escritora Maria de Lourdes Abreu de Oliveira.</p>



<p>Com o intuito de divulgar o acervo, por meio de exposições virtuais, o Setor de Biblioteca e Informação utilizou-se da plataforma Tainacan, um plugin&nbsp;administrativo do WordPress,  tendo em vista a necessidade de repensar o futuro das atividades oferecidas ao público, num momento em que o virtual tornou-se essencial.</p>



<p>Mantenha-se conectado com a cultura, a arte e a literatura!</p>



<p>Visite nossas exposições: <a rel="noreferrer noopener" href="https://museudeartemurilomendes.com.br/biblioteca/multiplo-universo/?view_mode=document&amp;perpage=12&amp;paged=1&amp;order=ASC&amp;orderby=title&amp;fetch_only_meta=16064%2C49278%2C49285%2C49282%2C49293&amp;fetch_only=thumbnail%2Ccreation_date" target="_blank">Múltiplo Universo</a>, <a rel="noreferrer noopener" href="https://www.museudeartemurilomendes.com.br/biblioteca/exposicao-tempo-e-eternidade/?view_mode=cards&amp;perpage=12&amp;paged=1&amp;order=ASC&amp;metakey=59897&amp;orderby=meta_value_num&amp;fetch_only=thumbnail%2Ccreation_date%2Ctitle%2Cdescription&amp;fetch_only_meta=" target="_blank">Tempo e Eternidade</a> e <a rel="noreferrer noopener" href="https://www.museudeartemurilomendes.com.br/biblioteca/do-coracao-a-caneta/" data-type="tainacan-collection" data-id="60137" target="_blank">Do coração à caneta</a>!</p>

<p>O Setor de Biblioteca e Informação do Museu de Arte Murilo Mendes abriga os documentos do arquivo pessoal e da biblioteca particular do poeta Murilo Mendes, assim como algumas coleções especiais, que integram o projeto de preservação da memória literária e cultural da cidade de Juiz de Fora: coleção do professor e artista plástico João [&hellip;]</p>
